p. What are the prime factors of d?
2, 3, 11
Suppose 0 = r + 3*g - 62824, 0 = -2*r - g + 34745 + 90923. What are the prime factors of r?
2, 23, 683
Suppose -146*q + 124*q = -3190. List the prime factors of q.
5, 29
Let q(g) = -g**2 + 9*g - 13. Let l be q(6). Suppose 0*n - n + 3*z = -341, 0 = l*n + z - 1625. What are the prime factors of n?
2, 163
Suppose 9*f = -123482 - 118546. List the prime factors of (-14)/49 + f/(-42).
2, 5
Suppose 5*l + 3 = -7, -4*u - 3*l + 34 = 0. Suppose 11*x = u*x + 2. Let q(i) = 49*i + 10. List the prime factors of q(x).
2, 3
Let k = -801 + 797. List the prime factors of (-161028)/(-120) - k/40.
2, 11, 61
Let c(s) = 2*s**3 - 17*s**2 - 10*s + 12. Let g be (-10)/4*540/(-150). Let b be c(g). List the prime factors of (-221 + -5)*(2 - b).
2, 113
Let l = 77 + -77. What are the prime factors of (223 + (-6)/3)/(1 - l)?
13, 17
Let d(f) = 3*f - 17. Let u be d(6). Let y be (2 + -1)*(17 - u). Suppose 0 = -2*b + 66 + y. What are the prime factors of b?
41
Let i = -71 + 75. Let b be ((-14)/i - -4)*(0 + 0). Suppose -3*x = -b*x - 102. List the prime factors of x.
2, 17
Suppose 5*f - 745 = -2*n, 22*f - 23*f + 149 = 5*n. What are the prime factors of 3/(-6) + (-2)/(-4) + f?
149
Let b(k) = -28*k**3 + 43*k**2 + 30*k - 3. List the prime factors of b(-8).
3, 5, 1123
List the prime factors of ((-4 - -7) + 1717 - -4)/((-3)/(-48)).
2, 431
Suppose 4*b = b + 6. Let n = -331 - -341. Suppose b*s = -3*f + 275, 0*s - 2*s = n. What are the prime factors of f?
5, 19
Let d be (0 - -3)*10/15*-29. Let m = d + 62. Suppose 5*z = m*z + 18. List the prime factors of z.
2, 3
What are the prime factors of (25/(-4) + -8)/((-33)/55396)?
19, 1259
Suppose 11*d - 19 = 47. Suppose -d*n + 16 = 2*n. Suppose 2*p + 3 = -1, -3*p = -n*t + 414. What are the prime factors of t?
2, 3, 17
Let l(x) = 8418*x + 70. List the prime factors of l(1).
2, 1061
Suppose 7*q + 8 - 8 = 0. Suppose -2*c - 33 + 43 = q. Suppose 14*o = c*o + 1584. List the prime factors of o.
2, 11
Suppose 19 - 4 = 3*t. Suppose 6 = -t*r - 14, -3*y - 3*r = -132. Let b = y + -41. What are the prime factors of b?
7
Suppose -53 = 4*m - 233. Suppose 2*z - m = 43. Suppose -3*t = -0*t + 3*k - 144, t - z = -5*k. What are the prime factors of t?
7
Let m(v) = 5*v**2 + 27*v + 3. Let h(l) = 11*l**2 + 55*l + 6. Let f(a) = -6*h(a) + 13*m(a). Let g be f(5). Let p = g - 28. What are the prime factors of p?
5, 11
Let f(b) = b**2 - 22*b. Let o be f(15). Let v = o - -22. Let q = v + 214. What are the prime factors of q?
131
Suppose -3*b + 5 = -2*k - 10, -k + 4*b - 20 = 0. Suppose k*n - 22*n + 12716 = 0. List the prime factors of n.
2, 17
Let w be (5/2)/(6 + (-1675)/280). Let y = -110 + w. List the prime factors of y.
2, 3, 5
Let u be 7/(385/(-22))*-25*59. Let i = u + -83. What are the prime factors of i?
3, 13
Let t = 218 - 218. Suppose 3*x - 788 = 2*v, t*x + 512 = 2*x - 4*v. What are the prime factors of x?
2, 7, 19
Let u(d) = 70*d**2 - 3121*d + 63. List the prime factors of u(48).
3, 5, 769
Let m = -134828 - -358250. List the prime factors of ((m/(-12))/(-23))/((-2)/(-4)).
1619
Suppose -4*i + 426 = -2*t, -5*t - 114 - 223 = -3*i. Suppose -i*x + 1268 = -100*x. List the prime factors of x.
317
Suppose 1983*y + 1159652 = 2009*y. What are the prime factors of y?
2, 29, 769
Let i(p) = -p**3 + 7*p**2 - 10*p + 5. Let q be 3 + (6 - (2 - -2)). Let a be i(q). Suppose a*v - 504 = -3*v. What are the prime factors of v?
3, 7
Let f(k) = -353*k - 189. Let p be f(-5). Suppose -5*x = 156 - p. List the prime factors of x.
2, 71
Let i be (-1)/3 + 136/3. Suppose -377*n = -352*n - 4475. Let d = i + n. List the prime factors of d.
2, 7
Suppose 0 = -0*m + 3*m + u, 5*m = -u - 2. Let c be (84 + (m - 0))*3. Let t = c + -113. List the prime factors of t.
2, 17
Let j = 38 + -18. Suppose t = -5*v - 0*v + 17, 5*v = j. Let d = t - -8. List the prime factors of d.
5
Suppose -13 = -4*i - 25, -4*i = 5*j - 279723. List the prime factors of j.
3, 17, 1097
Let j be 1/((-5)/(-2)) + (-528)/(-80). Suppose j*r = 4*r + 561. What are the prime factors of r?
11, 17
Let t = -66932 + 103742. What are the prime factors of t?
2, 3, 5, 409
Let m = 49358 - -30481. List the prime factors of m.
3, 2957
Suppose 0 = r - 273 - 53. Let i be (-3)/(-6)*r - (-3)/(-1). Let l = -45 + i. What are the prime factors of l?
5, 23
Suppose 58*h - 4*u = 53*h + 135427, h - 27093 = -3*u. What are the prime factors of h?
3, 9029
Suppose -q + 4*s + 47916 = 14240, -2*s = -4*q + 134704. What are the prime factors of q?
2, 8419
Let j(g) = 9345*g - 6387. What are the prime factors of j(6)?
3, 16561
Suppose -3 = 39*a - 36*a. Let b be 2 + (742/(-154) - 2/11). What are the prime factors of 1*a*408/b?
2, 17
Suppose 5*f + 6*c - 3097 = 5*c, 2*f - c - 1243 = 0. Let a = f - 430. List the prime factors of a.
2, 5, 19
Suppose 0 = d + 8*d - 18. Let o(x) = -3*x + 20 + x**d - 3*x - 16. What are the prime factors of o(8)?
2, 5
Suppose 25*q - 12 = 21*q. Suppose -4*i = w - 233, 170 = q*i - 0*w - 4*w. List the prime factors of i.
2, 29
Let p = 16044 - -17993. What are the prime factors of p?
101, 337
Let k(s) = -7*s**3 + 4*s**2 - 2*s + 1. Let m be k(5). Let d = -451 - m. Suppose 0 = -4*a - 0*a + 5*i + 353, -d = -4*a + i. What are the prime factors of a?
2, 41
List the prime factors of (2058 - 6)*((-4)/(-2) - (-6)/24).
3, 19
Let y be ((-23)/(-7) - (-2)/(-7)) + -1. Suppose 3*d + y*d + 8 = 2*o, -2*o - 3*d = 8. Let n(w) = -3*w**3 - 2*w - 1. What are the prime factors of n(o)?
2
Let a(v) = -8*v**2 - v - 4. Let j be a(-5). Suppose 0 = 4*x - 5*p + 1415, -2*p - 5 + 11 = 0. Let w = j - x. What are the prime factors of w?
151
What are the prime factors of -17 - 218224/(-16) - -5?
13627
Let m = -104262 - -148970. What are the prime factors of m?
2, 11177
Suppose 2210 = 59*f - 57*f. What are the prime factors of f?
5, 13, 17
Let h = -3 - -1. Let k = 2323 + -2279. List the prime factors of k - 1*0/h.
2, 11
Let p(c) = 4*c**2 - 3*c - 5. Let u = -91 - -89. What are the prime factors of p(u)?
17
Suppose 3*z + 4*g - g - 158697 = 0, -4*z + 211612 = 2*g. List the prime factors of z.
191, 277
Suppose -3*z + 0*z + 4*d = -134, 3*z = -5*d + 170. Suppose -47*x - 654 = -z*x. Suppose -28*m = -30*m + x. What are the prime factors of m?
109
Let z(p) = 3*p**2 - 22*p + 22. Let q be z(7). What are the prime factors of -1 + 2 + 678 + q/5?
2, 11, 31
Suppose 0 = 31*x - 83690 + 13937 - 220097. What are the prime factors of x?
2, 5, 11, 17
Let w be (-2)/(-3) + 351/81. Suppose 9*l + w*l - 5278 = 0. List the prime factors of l.
13, 29
Let b(x) = -35*x + 12*x + x**2 + 0*x**2 + 19*x + 8. Let m be b(3). Suppose -3*g - 1335 = -m*f - 4*g, -2*f - 3*g + 534 = 0. List the prime factors of f.
3, 89
Suppose 2*w + 14 = 2*m - 0*w, 3*m - 13 = -w. Suppose r - m = -0*r. Suppose -5*y = 2*d - 279, -y = -r*d - 67 + 697. List the prime factors of d.
127
Let z(v) = -37*v - 14. Let i be z(-1). Let m(g) = 2*g**2 + 27*g - 40. What are the prime factors of m(i)?
11, 149
List the prime factors of 15 - (77*-58 + -13).
2, 3, 7, 107
Suppose -125*a + 33750 = -121*a - v, v - 42201 = -5*a. List the prime factors of a.
3, 29, 97
Let t(g) be the second derivative of g**5/20 + 17*g**4/12 - 10*g**3/3 + 11*g**2 + 60*g. List the prime factors of t(-13).
2, 479
Let p(t) = -t**2 + 8*t + 26. Let w(f) = -3*f**2 + 15*f + 52. Let c(r) = 5*p(r) - 2*w(r). Let g be c(-6). Let a(d) = 73*d + 4. List the prime factors of a(g).
2, 3, 5
Let j(k) = 31*k**2 - 20*k + 12. Let d(t) = 61*t**2 - 39*t + 22. Let m(i) = 3*d(i) - 5*j(i). List the prime factors of m(7).
1259
Let l(w) = -w**3 - 15*w**2 + 17*w + 22. Let s be l(-16). Let r(o) = -34*o + 3 + 41*o - s + 24. List the prime factors of r(7).
2, 5, 7
Let k be (7 + 3)/(-5) + -3 + -464. Let j = 899 + k. List the prime factors of j.
2, 5, 43
Suppose -25*w = -160831 + 2431. What are the prime factors of w?
2, 3, 11
Let b(s) = 309*s**2 + 26*s + 31. List the prime factors of b(-6).
17, 647
Suppose k + 7 = 8. Let p be k/(-2)*-8 + -4. Suppose 2*g - 184 - 266 = p. List the prime factors of g.
3, 5
Let y = -940 + 13956. What are the prime factors of y?
2, 1627
Suppose 3*o = -2*m - 6, -2*o - o = -5*m + 27. Suppose -720 = -m*j - 324. What are the prime factors of j?
2, 3, 11
Let d = 24984 + -17882. List the prime factors of d.
2, 53, 67
Let u(y) be the first derivativ